of 16 and x?
16
Suppose -7*o + 156 = -3*o. Let d be 3*o/9 + 1. Let a be (3 - 4) + d + 2. What is the greatest common divisor of a and 5?
5
Let i(t) = 9*t + 27. Let m be i(-2). Suppose -2*d - 98 = -4*j, -5*d - 27 = -5*j + 83. What is the greatest common divisor of m and j?
9
Let z(h) = 4*h**3 - 28*h**2 - 15*h + 68. Let k be z(10). What is the greatest common divisor of 172 and k?
86
Let l(m) = 2*m**3 - 11*m**2 + 28*m + 23. Let f be l(8). Calculate the highest common divisor of 14 and f.
7
Let f = 476 - 203. Calculate the highest common factor of 455 and f.
91
Let t(r) be the first derivative of r**3 + 3*r**2/2 - 2*r + 16. Let q be t(1). What is the greatest common factor of 28 and q?
4
Let o be (3/36*-6)/(1/(-6)). Let w = -8 - -11. Let y be (o - (0 + 2))*w. Calculate the greatest common divisor of 33 and y.
3
Suppose -6 = -3*o, -5*n + 2 = -5*o - 13. Suppose 2*i = 8, -4*k - k + n*i + 1345 = 0. Calculate the greatest common factor of k and 39.
39
Let a be (-4)/14 + 161/49. Suppose a*w - 12 = w. Let n be 2/6 - 537/(-9). Calculate the greatest common factor of w and n.
6
Let q(h) = -h**2 + 11*h - 15. Let k be q(9). Suppose -13 = -w - 3*y, y = w + k*y - 8. Let i be 2 - 3/w*6. Calculate the highest common divisor of 121 and i.
11
Let v be (2 + 1)/((-1)/3). Let b be 0 + -3 + v - 0. Let x be (b/18)/((-4)/102). What is the greatest common divisor of 51 and x?
17
Let l(v) = 3*v - 3. Let n be l(2). Suppose n*h + 22 = 5*h + 5*q, -3*q + 74 = 5*h. Calculate the greatest common factor of h and 128.
16
Suppose -32*z + 325 = 2*g - 31*z, -3*z - 840 = -5*g. Suppose 0 = u - 10 - 5. Calculate the greatest common factor of u and g.
15
Let z(u) = -u**2 + u - 1. Let s(a) = -2*a**2 + 6*a + 2. Let m(x) = -s(x) + z(x). Let d be m(-3). Calculate the highest common divisor of d and 14.
7
Suppose -755 = -5*l + 5*x, 10*x = 5*l + 7*x - 753. Suppose -l = 123*w - 126*w. What is the greatest common factor of w and 60?
10
Let w(r) = -2*r + 6. Let s be (-20)/8*(-16)/(-20). Let l be w(s). What is the highest common factor of l and 90?
10
Suppose -3*t = -4*t + d - 41, -t - 5*d - 35 = 0. Let b = -31 - t. Suppose b*z - 4*z = 600. What is the highest common divisor of 15 and z?
15
Suppose -3*b + j - 8 = -25, 0 = 2*j + 4. Let z = -13 - -38. What is the greatest common factor of b and z?
5
Suppose 3*i = -5*b + 761, 0 = 12*i - 9*i + 9. Calculate the highest common divisor of b and 238.
14
Let t(f) = -f + 2*f + 2*f - 4*f + 5. Let m be t(5). Let l be 72 - (-1)/3*m. Calculate the highest common factor of l and 48.
24
Let d be (-3970)/(-55) - (-4)/(-22). Suppose -11*r - 51 + 249 = 0. What is the greatest common divisor of r and d?
18
Let y be ((-6)/4)/(-1)*28/21. Suppose -32 = -y*r + 10. What is the greatest common factor of r and 14?
7
Suppose 5*o - 2*o = 12. Suppose -11 = -3*u - 56. Let h be (2/10*-2)/(1/u). What is the highest common factor of h and o?
2
Let y(t) = -31*t - 5. Suppose 2*g = -6, 5*g = 3*i - 7*i - 27. Let w be y(i). Calculate the greatest common divisor of w and 132.
44
Let x(u) = -u + 1. Let j be x(-5). Suppose 3*g + 4*m + 50 = -0, -g - 38 = -4*m. Let s = g - -26. Calculate the highest common divisor of s and j.
2
Suppose 387 = 46*y - 441. Calculate the greatest common divisor of y and 612.
18
Suppose 5*b = -4*m + 319, -4*m - 1 = -5*m. What is the highest common divisor of 7 and b?
7
Let l = 77 - 64. What is the greatest common factor of 13 and l?
13
Suppose 0 = -2*v - 59 + 71. What is the greatest common divisor of v and 138?
6
Suppose 0 = -3*r, -5*t + 3*r - 402 = -122. Let d be ((-6)/4)/(7/t). What is the highest common factor of d and 4?
4
Suppose -2*z + 48 = 56. Let k be ((-534)/24 + 1/z)*-2. What is the greatest common factor of 9 and k?
9
Let f(a) = -a**3 + 6*a**2 - 7*a. Let j be f(2). Suppose 4*l - 120 = -j*l. What is the highest common divisor of 15 and l?
5
Let l(w) = w**2 + 7*w + 3. Let f be l(-5). Let p = 3 - f. Let a be 111/1 + (-25 - -24). What is the highest common factor of a and p?
10
Let c = -16 + 19. Suppose 3*m - 14 = -c*y - 5, -y - 5*m = 1. Calculate the highest common divisor of y and 8.
4
Suppose -3*p + 80 = p. Suppose 0 = -t - 2*t + 1290. Suppose t = 5*c - 70. What is the highest common factor of c and p?
20
Suppose 7248 + 123 = 7*u. Calculate the greatest common divisor of 13 and u.
13
Suppose 4 = 2*v - v. Let u(x) = -x**2 - 24*x + 58. Let p be u(-26). Suppose -o + g + 6 = 0, 5*o - 9 - p = 2*g. Calculate the greatest common factor of o and v.
1
Suppose 0 = -5*u + 4*b + 1233, 10*u - 14*u = -4*b - 988. What is the highest common divisor of u and 140?
35
Suppose 0 = -72*j + 73*j + 23. Let s be 70/(-21)*(1 + j/5). Let t = 48 + 12. What is the greatest common divisor of t and s?
12
Let k = -22 + -20. Let i = 44 + k. What is the greatest common divisor of i and 2?
2
Let y = 53 - 51. Let x be -2 + 1/y + 203/2. What is the greatest common divisor of x and 40?
20
Let k be (2*3/(-21))/(3/(-105)). Let q be (24/(-60))/((-2)/k) - -4. Calculate the highest common divisor of 4 and q.
2
Let k be ((-200)/15)/((-70)/(-45))*-7. What is the greatest common factor of 45 and k?
15
Let f be (4/(-10))/((44/(-200))/11). Calculate the greatest common divisor of f and 1630.
10
Let f be (-48)/(-4) - 6/2. What is the highest common factor of f and 2?
1
Let i(s) = s**2 + 5*s + 6. Let r be i(-4). Let y = -1658 - -1674. What is the highest common divisor of r and y?
2
Let v = 1009 + -561. What is the greatest common divisor of v and 8?
8
Let n = 169 - 143. What is the greatest common divisor of 442 and n?
26
Let o = 37 + -34. Let g(t) = -14*t**3 - t. Let k(p) = p**3 + 2*p**2 - 3*p - 1. Let n be k(-3). Let j be g(n). Calculate the highest common factor of o and j.
3
Let b = -68 - -70. Let f be 435 - b - -2*2/(-4). What is the greatest common factor of f and 54?
54
Let z(t) = 7*t**2 - 5*t + 4. Let m be z(5). Let n(p) = -23*p - 21. Let w be n(-7). Let f = 162 - w. Calculate the highest common factor of m and f.
22
Let h(a) = -a**3 + 6*a**2 - 4*a - 1. Let z be h(5). Let o be ((-110)/33 + 1 + 1)*-6. Let y be (4/o*z)/2. What is the highest common divisor of 11 and y?
1
Let j(o) = -o**3 - 21*o**2 - 42*o + 37. Let q be j(-19). Let i = q + 294. Calculate the highest common factor of i and 37.
37
Suppose 266 = 11*g + 35. Calculate the greatest common divisor of g and 33.
3
Let n = 1260 - 1225. Calculate the greatest common divisor of 119 and n.
7
Suppose 74*n = 10568 - 3464. What is the highest common factor of 72 and n?
24
Suppose 5*u = 2*u + 9, -4*u = -2*y + 494. What is the highest common factor of 22 and y?
11
Let x(y) = 56*y + 58. Let t be x(5). Calculate the greatest common divisor of 52 and t.
26
Let b = -2372 + 2667. Calculate the greatest common divisor of b and 25.
5
Suppose 2*d + 0 - 8 = 0. Suppose -1 = -2*t + d*a + 3, -4*t + 3*a = -28. Suppose 0 = -5*o - 28 + 228. What is the highest common divisor of t and o?
10
Let x(u) = u**2 + 3*u - 4. Suppose 7*d + 3 = 17. Let h be x(d). Calculate the greatest common factor of h and 42.
6
Let u = -1435 + 1707. What is the greatest common divisor of u and 51?
17
Suppose 9*p + 1202 = 3938. Calculate the highest common factor of p and 19.
19
Let o be 0/(3*5/15). Let g = o - -20. Calculate the highest common factor of g and 80.
20
Let l(w) = 4*w**2 + 173*w - 304. Let d be l(-45). Suppose -2*g + 108 = 2*n, -4*g - 4*n + 2*n + 218 = 0. Calculate the highest common factor of g and d.
11
Let j = 90 + -107. Let x be (-2 - 6/(-4))/(j/2244). What is the greatest common factor of x and 22?
22
Let w = 1035 - 915. Calculate the greatest common factor of 5 and w.
5
Suppose 33*k = 10*k + 506. Calculate the greatest common divisor of 77 and k.
11
Suppose -2*v - 82 = -5*q - 12, -4*v - 92 = 2*q. Let t = v - -49. What is the greatest common divisor of t and 8?
8
Let d be (-1)/2*(-39606)/21. What is the greatest common divisor of d and 23?
23
Suppose 4*x - 312 - 492 = 0. What is the highest common divisor of 3 and x?
3
Let l = -991 - -1276. Calculate the greatest common divisor of l and 45.
15
Suppose -u - 5*l = -1 + 6, -4*l - 33 = -5*u. Let b = -15 + 39. Let c = 1 + b. Calculate the highest common factor of u and c.
5
Let z be (188 - 4)/(10/5). Calculate the greatest common factor of 23 and z.
23
Let i be (9 - -1)*16/10. Let u(q) = q**3 + 10*q**2 - 3*q - 82.